is the remainder when c(-3) is divided by b?
9
Let l be (2/(-7))/((-9)/63). Suppose -d + 2*k + 8 = 0, -l*k - 24 = -3*d + k. Calculate the remainder when d is divided by 5.
3
Let s(i) = i**3 + 5*i**2 - 9*i - 1. Suppose 0 = -n - 6 - 0. Let y(q) = -q - 4. Calculate the remainder when s(n) is divided by y(-10).
5
Suppose 3 = -p - 4*y, 6*y - y - 43 = -4*p. What is the remainder when 67 is divided by p?
16
Let b = 6 - 1. Suppose 0 = z + 1 - b. What is the remainder when 11 is divided by z?
3
Let d = -53 - -72. What is the remainder when 93 is divided by d?
17
Let w(h) = -3*h**3 + 2*h**2 - h. Let k(n) = -n**2 - 9*n - 2. Calculate the remainder when w(-2) is divided by k(-7).
10
Let a = 0 - -1. Suppose -o + 0*o - 2*d = -47, 0 = 4*o - 2*d - 138. Calculate the remainder when (2 - o)/(a/(-1)) is divided by 12.
11
Suppose 4*h = -4*u + 32, 0 = 5*h + 3 - 18. Suppose 0 = -0*y + u*y - 80. Calculate the remainder when 70 is divided by (-1)/2*-3*y.
22
Suppose -2*g + 8*g = 120. What is the remainder when 96 is divided by g?
16
Calculate the remainder when 28 is divided by 2 + 2*(-3)/(-6).
1
Let j = 37 + 17. Suppose 4*i = 242 - j. Calculate the remainder when i is divided by 16.
15
Suppose -46 = -5*g + 4. Calculate the remainder when 37 is divided by g.
7
Suppose -29*o + 24*o + 80 = 0. What is the remainder when 44 is divided by o?
12
Let j be (-4)/(-22) - 36/(-44). Let n = 5 + -6. Calculate the remainder when 15 is divided by 8/(n + j + 1).
7
Let r = 0 - -2. Suppose -5*n - r = 4*y, -16 = -4*y + 3*n - 2. Calculate the remainder when (8/5)/(2/5) is divided by y.
0
Let c(m) = -5*m - 36. Calculate the remainder when 42 is divided by c(-9).
6
Let k = -2 - -8. Suppose 2*z = -8, -4*t = -z + 5*z - 16. Let p = t - k. What is the remainder when 5 is divided by p?
1
Let j = -63 + 105. What is the remainder when j is divided by 22?
20
Suppose 3*x - 44 + 11 = 0. Calculate the remainder when x is divided by (-16)/(-2) + 72/(-18).
3
Let z be (-1 + -2)/(6/(-10)). Suppose z*v - 21 - 59 = 0. Calculate the remainder when 61 is divided by v.
13
Let l(y) = 2*y**2 - y - 3. Let w be l(-4). Let j = -21 + w. What is the remainder when 35 is divided by j?
11
Let v(t) = 4*t + 3. Let m(g) = g**2. What is the remainder when m(6) is divided by v(4)?
17
Let n = 18 - 25. What is the remainder when 8 is divided by 2/n - 308/(-49)?
2
Let n = 18 + -16. What is the remainder when 37 is divided by (-8)/n + 2 + 21?
18
Let k = -24 + 31. Suppose q + 4*q = 90. Calculate the remainder when q is divided by k.
4
Suppose -n + 3*g + 54 = -3*n, 140 = -5*n - 5*g. Let m = 4 - n. What is the remainder when m is divided by 9?
7
Calculate the remainder when 30 is divided by ((-17)/(-2))/((-3)/(-6)).
13
Let u be ((-6)/5)/((-1)/25). Suppose -t - t + u = 0. Calculate the remainder when 27 is divided by t.
12
Let s = 58 - 31. Calculate the remainder when s is divided by 10.
7
Suppose -4*v - 8 = 4*q, 6 = 3*q + v + 14. Let g(s) = 2*s**2 - s. What is the remainder when 40 is divided by g(q)?
19
Let d be -6*(-1)/2 + 7. Suppose -2*g + 0 = -d. Suppose n + g*c - 8 = 0, c = -3*n - n + 108. What is the remainder when n is divided by 10?
8
Let d(l) = l**3 + l**2 + l + 4. Suppose 0*g + 60 = -5*g. Calculate the remainder when g/(-18) - 16/(-3) is divided by d(0).
2
Let g(o) = -o + 10. Let r be g(8). Suppose 0 = -u + 4*n, 0*u + 2*n = -r*u + 40. Calculate the remainder when 62 is divided by u.
14
Let i(a) be the first derivative of a**3/3 + a**2 - 4*a - 2. What is the remainder when 11/(-2)*(-7 - -5) is divided by i(-4)?
3
Let w = 2 + 0. Suppose q - 69 = -w*q. What is the remainder when q is divided by 12?
11
What is the remainder when -1 + 4 + 180/10 is divided by 12?
9
Let i = -5 + 10. What is the remainder when 50 is divided by (-26)/i*5/(-2)?
11
Let d(r) = 3*r**3 + 6*r**2 + 3. Let q(s) = -2*s**3 - 4*s**2 - 2. Let l(p) = -5*d(p) - 7*q(p). Calculate the remainder when 21 is divided by l(-3).
5
Let k = -26 - -31. Suppose k*i - 30 = -0*i. What is the remainder when (-19)/(-2) - 1/2 is divided by i?
3
Suppose -5*i + 4*i + 56 = 0. Calculate the remainder when i is divided by 19.
18
Let v be (-13)/(-2) + (-4)/8. Let d be (4/v)/(7/21). Calculate the remainder when (0 + d)/((-4)/(-34)) is divided by 9.
8
Let k(f) = -3*f + f - f. Let l be k(-1). Let p = 8 + l. Calculate the remainder when 21 is divided by p.
10
Let z(o) = -o**2 - 17*o - 25. What is the remainder when 24 is divided by z(-15)?
4
Let q(u) = 4*u + 7. What is the remainder when q(14) is divided by 13?
11
Suppose -2*w + 32 = y, 2*w + 2*y - 18 = 16. Suppose 0*p - 25 = 5*p. What is the remainder when p/w - (-44)/6 is divided by 3?
1
Let l be (-19)/(-7) - (-8)/28. Let w be (-5)/(-2)*l*-4. Let b = 45 + w. What is the remainder when 28 is divided by b?
13
Let o = -15 - -27. What is the remainder when 35 is divided by o?
11
Suppose -2*k + 45 = -k. Let t(u) = u**3 - 2*u**2 - 13*u + 6. What is the remainder when k is divided by t(5)?
13
Suppose -5*i + 249 = -16. Let u = 35 - 17. Calculate the remainder when i is divided by u.
17
Calculate the remainder when -85*(-6 + 5) + 4 is divided by 24.
17
Let a = -2 - -9. Suppose 3*d - m + 4*m - 54 = 0, 4*m + 48 = 2*d. What is the remainder when d is divided by a?
6
Let n = 2 + 5. Suppose -4*p - 3*y - n = 0, 20 = -2*y - 2*y. Calculate the remainder when p is divided by 1.
0
Suppose 5*r = 31 + 44. Calculate the remainder when 74 is divided by r.
14
Let i = -19 - -35. Let z = i - 7. What is the remainder when 33 is divided by z?
6
Let z(u) = u**3 + 10*u**2 - 15*u - 10. Calculate the remainder when 99 is divided by z(-11).
31
Calculate the remainder when (5 - (-136)/(-28)) + 418/14 is divided by 16.
14
What is the remainder when 8/56 - (-292)/14 is divided by 12?
9
Suppose 0 = -0*b - 2*b + 26. Calculate the remainder when 19 is divided by (2 - (1 - -4)) + b.
9
Suppose 6*t = 9*t - 78. Calculate the remainder when 76 is divided by t.
24
Suppose 0 = -4*w - 3*v + 22 + 65, -w + 20 = -v. Let p = w - 12. Let j(o) = o**2 + 25. Calculate the remainder when j(0) is divided by p.
7
Let b(q) be the third derivative of -q**6/120 - q**5/15 - q**4/6 + q**3/2 - 3*q**2. What is the remainder when 55 is divided by b(-4)?
17
Suppose -5*n + 5 = -3*o, -36 = -3*n - n - 4*o. Suppose 0 = n*k + 10 - 50. What is the remainder when ((76/5)/1)/((-8)/(-20)) is divided by k?
8
Let d(o) = 13*o**3 + 2*o**2 - 2. Calculate the remainder when 49 is divided by d(1).
10
Suppose 2*s + 24 - 38 = 0. What is the remainder when s is divided by 2?
1
Let z = 17 + -4. What is the remainder when 20 + -3 + 3 + 3 is divided by z?
10
Suppose 3*j - 201 = -4*b + 2*j, -5*j - 66 = -b. What is the remainder when b is divided by 27?
24
Suppose 4*i - 5 = 3*i. Suppose 2*a + 0 - 14 = 0. What is the remainder when a is divided by i?
2
Let o = -55 + 98. Suppose -9 = -v - 2*v. Suppose -f = 5*d - 0*f - 76, -v*f + 18 = d. Calculate the remainder when o is divided by d.
13
Suppose -116 = 3*r - 137. What is the remainder when 13 is divided by r?
6
Let s(w) = -2*w + 4. Let o be s(-8). Suppose 4*a - o = 48. What is the remainder when 49 is divided by a?
15
Let y = -7 - -5. Let i(j) = -2*j**3 - 2*j**2 - 2*j + 1. What is the remainder when i(y) is divided by (1 + 9)*10/20?
3
Let r(s) = s**2 + 3. Suppose 12 = -5*n - 8. Calculate the remainder when 37 is divided by r(n).
18
Suppose z - 47 = 4*v, 0*z = 2*v - 4*z + 6. Let k = v - -35. What is the remainder when 64 is divided by k?
20
Let i(d) = d + 8. Let m(o) = -o**3 - 2*o**2 + 2*o. Let n be m(-2). Calculate the remainder when 11 is divided by i(n).
3
Suppose p - 5*p - 8 = 0. What is the remainder when 35 is divided by ((-15)/(-20))/(p/(-32))?
11
Suppose -4*j + 2*j - 268 = -4*d, -5*j = d - 67. Calculate the remainder when d is divided by 18.
13
Suppose -f + 13 = 3*w, 0 = 4*f + w - 3*w - 80. Calculate the remainder when 31 is divided by f.
12
Suppose 2*u - 72 = -4*u. Calculate the remainder when 46 is divided by u.
10
Suppose -3*w = -3*g + 219, -g - 373 = 5*w - 2*g. Let s be 4/6*w/(-2). Calculate the remainder when (2 + s/3)*3 is divided by 16.
15
Let j = -29 + 42. What is the remainder when -2 - (-2 + 0 - 24) is divided by j?
11
Let v = 3 - 0. Let r = -24 - -33. Calculate the remainder when r is divided by v.
0
Suppose -26*i = -23*i - 51. Calculate the remainder 